he prime factors of 1109831.
31, 35801
List the prime factors of 11271975.
3, 5, 11, 13, 1051
List the prime factors of 821717.
13, 31, 2039
List the prime factors of 331672.
2, 11, 3769
List the prime factors of 1228369.
17, 19, 3803
List the prime factors of 15470860.
2, 5, 31, 24953
List the prime factors of 255926.
2, 11, 11633
List the prime factors of 1011639.
3, 337213
What are the prime factors of 14422137?
3, 17, 59, 4793
What are the prime factors of 7741622?
2, 7, 431, 1283
List the prime factors of 558533.
558533
What are the prime factors of 71506?
2, 35753
List the prime factors of 2507905.
5, 19, 26399
List the prime factors of 168735.
3, 5, 7, 1607
What are the prime factors of 6062184?
2, 3, 269, 313
List the prime factors of 471374.
2, 211, 1117
List the prime factors of 189970.
2, 5, 11, 157
What are the prime factors of 2278668?
2, 3, 7, 27127
List the prime factors of 961594.
2, 373, 1289
What are the prime factors of 1429318?
2, 11, 64969
What are the prime factors of 886655?
5, 7, 11, 47
What are the prime factors of 160195?
5, 7, 23, 199
What are the prime factors of 762637?
17, 113, 397
List the prime factors of 62948.
2, 15737
List the prime factors of 576758.
2, 7, 13, 3169
List the prime factors of 501216.
2, 3, 23, 227
List the prime factors of 19079088.
2, 3, 7, 56783
List the prime factors of 151581.
3, 50527
List the prime factors of 102598.
2, 43, 1193
List the prime factors of 1273829.
41, 31069
What are the prime factors of 39897138?
2, 3, 521, 12763
What are the prime factors of 8482008?
2, 3, 43, 8219
List the prime factors of 1720391.
73, 23567
What are the prime factors of 3942491?
7, 61, 1319
What are the prime factors of 405951?
3, 7, 13, 1487
List the prime factors of 11968598.
2, 5984299
What are the prime factors of 17090674?
2, 8545337
List the prime factors of 23313242.
2, 193, 60397
List the prime factors of 8270202.
2, 3, 23, 59929
List the prime factors of 1606993.
17, 94529
List the prime factors of 1485673.
7, 212239
List the prime factors of 875640.
2, 3, 5, 7297
List the prime factors of 7342298.
2, 3671149
What are the prime factors of 5618615?
5, 47, 23909
List the prime factors of 3353852.
2, 838463
What are the prime factors of 23195831?
23195831
List the prime factors of 5246334.
2, 3, 383, 761
List the prime factors of 1039586.
2, 519793
List the prime factors of 7857573.
3, 463, 5657
List the prime factors of 119089.
119089
What are the prime factors of 3001841?
653, 4597
What are the prime factors of 444572?
2, 111143
What are the prime factors of 203971?
203971
What are the prime factors of 493127?
493127
List the prime factors of 9051385.
5, 7, 258611
What are the prime factors of 420585?
3, 5, 11, 2549
List the prime factors of 373012.
2, 93253
List the prime factors of 644562.
2, 3, 35809
What are the prime factors of 428485?
5, 17, 71
List the prime factors of 785416.
2, 31, 3167
What are the prime factors of 18802889?
7, 347, 7741
What are the prime factors of 361898?
2, 180949
What are the prime factors of 1854837?
3, 19, 10847
What are the prime factors of 178658?
2, 89329
What are the prime factors of 2867471?
2867471
What are the prime factors of 707802?
2, 3, 23, 223
What are the prime factors of 411584?
2, 59, 109
What are the prime factors of 10781138?
2, 227, 23747
What are the prime factors of 2179772?
2, 7, 77849
List the prime factors of 774844.
2, 7, 27673
What are the prime factors of 19205130?
2, 3, 5, 7, 91453
List the prime factors of 5795172.
2, 3, 23, 2333
List the prime factors of 264761.
7, 109, 347
What are the prime factors of 1129577?
1129577
What are the prime factors of 334226?
2, 167113
What are the prime factors of 1651464?
2, 3, 22937
What are the prime factors of 132358?
2, 66179
List the prime factors of 1112525.
5, 44501
List the prime factors of 1627255.
5, 7, 19, 2447
List the prime factors of 4103092.
2, 7, 146539
List the prime factors of 6579488.
2, 37, 5557
List the prime factors of 15163809.
3, 41, 113, 1091
List the prime factors of 8886033.
3, 13, 53, 1433
What are the prime factors of 17074030?
2, 5, 1707403
List the prime factors of 9066453.
3, 11, 41, 6701
What are the prime factors of 13028844?
2, 3, 1085737
What are the prime factors of 1533920?
2, 5, 9587
List the prime factors of 4198551.
3, 7, 199931
List the prime factors of 5628642.
2, 3, 938107
List the prime factors of 2506654.
2, 1253327
What are the prime factors of 40056?
2, 3, 1669
What are the prime factors of 342944?
2, 7, 1531
What are the prime factors of 4150221?
3, 353, 3919
What are the prime factors of 107362?
2, 53681
What are the prime factors of 1199533?
197, 6089
What are the prime factors of 287945?
5, 7, 19, 433
What are the prime factors of 579082?
2, 7, 19, 311
List the prime factors of 26360472.
2, 3, 17, 64609
What are the prime factors of 1154455?
5, 230891
List the prime factors of 1893142.
2, 37, 25583
What are the prime factors of 7156258?
2, 3578129
List the prime factors of 617783.
173, 3571
What are the prime factors of 312736?
2, 29, 337
List the prime factors of 2001037.
2001037
List the prime factors of 2593275.
3, 5, 71, 487
What are the prime factors of 14847570?
2, 3, 5, 127, 433
What are the prime factors of 2235250?
2, 5, 8941
What are the prime factors of 6954028?
2, 1009, 1723
List the prime factors of 1511618.
2, 755809
What are the prime factors of 10463435?
5, 2092687
List the prime factors of 1424964.
2, 3, 118747
List the prime factors of 19653710.
2, 5, 547, 3593
What are the prime factors of 27221405?
5, 643, 8467
What are the prime factors of 11325264?
2, 3, 17, 13879
List the prime factors of 7723096.
2, 71, 13597
What are the prime factors of 196787?
307, 641
List the prime factors of 383011.
383011
What are the prime factors of 8628764?
2, 241, 8951
List the prime factors of 2051306.
2, 1025653
What are the prime factors of 1930701?
3, 643567
List the prime factors of 4146573.
3, 1382191
List the prime factors of 1965235.
5, 23, 743
List the prime factors of 1900143.
3, 7, 30161
List the prime factors of 11922238.
2, 5961119
What are the prime factors of 164669?
59, 2791
What are the prime factors of 109369?
13, 47, 179
List the prime factors of 102237.
3, 53, 643
What are the prime factors of 15739680?
2, 3, 5, 11, 271
What are the prime factors of 54878?
2, 23, 1193
List the prime factors of 17895804.
2, 3, 31, 73, 659
List the prime factors of 4744058.
2, 11, 191, 1129
List the prime factors of 21540433.
19, 67, 16921
What are the prime factors of 21844242?
2, 3, 7, 6421
List the prime factors of 637405.
5, 127481
What are the prime factors of 55123?
199, 277
List the prime factors of 23711327.
4507, 5261
What are the prime factors of 1651325?
5, 13, 5081
List the prime factors of 655890.
2, 3, 5, 21863
List the prime factors of 1562177.
37, 42221
What are the prime factors of 5239775?
5, 31, 6761
What are the prime factors of 30177184?
2, 101, 9337
What are the prime factors of 2528695?
5, 13, 38903
List the prime factors of 45367.
7, 6481
List the prime factors of 4398624.
2, 3, 1697
List the prime factors of 70997.
70997
List the prime factors of 13281555.
3, 5, 7, 126491
What are the prime factors of 1261334?
2, 19, 1747
List the prime factors of 5387995.
5, 1077599
List the prime factors of 8577310.
2, 5, 7, 122533
List the prime factors of 28854684.
2, 3, 53, 71
What are the prime factors of 7771437?
3, 19, 15149
List the prime factors of 321568.
2, 13, 773
What are the prime factors of 10386086?
2, 5193043
List the prime factors of 533097.
3, 59233
What are the prime factors of 30767821?
7, 19, 73, 3169
What are the prime factors of 26458?
2, 13229
List the prime factors of 317782.
2, 29, 5479
What are the prime factors of 229213?
229213
What are the prime factors of 168903?
3, 7, 383
What are the prime factors of 1203194?
2, 19, 31663
List the prime factors of 6699215.
5, 1339843
What are the prime factors of 403725?
3, 5, 7, 769
List the prime factors of 37869498.
2, 3, 43, 47, 347
List the prime factors of 4324980.
2, 3, 5, 11, 6553
List the prime factors of 19805268.
2, 3, 7, 137, 1721
List the prime factors of 386689.
386689
List the prime factors of 932420.
2, 5, 23, 2027
What are the prime factors of 68243